
Suppose 2*d = k + 496, 0 = 5*k - 6 - 14. What is the hundreds digit of d?
2
Suppose -5*g + 3*y = -91, -4*g - y + 89 = 2*y. What is the units digit of (-2)/(-5) + (2432/g - -2)?
4
Let d = 9 - 6. Suppose -3*n - 2 = -3*g + 202, -5*g + 348 = d*n. Suppose -4*h = 3*k - 22 - 25, -4*k = -h - g. What is the units digit of k?
7
Let i(u) = 2*u + 24. Suppose -48 = 2*k + 2*k. Let q be i(k). Suppose -5*x + 56 + 39 = q. What is the tens digit of x?
1
Let r(s) = 65*s + 228. What is the thousands digit of r(18)?
1
Let v(p) = 2*p + 25. Let f be v(-10). Suppose 2*k = -4*h + 330, -2*k - 153 = f*h - 479. What is the tens digit of k?
7
Let x be (-4)/2*(-8)/20*-5. Let a be (0 - -27)/((-9)/(-6)). What is the units digit of a*(-2 + (-10)/x)?
9
Let s = 161 - 158. What is the units digit of s?
3
Let u = -74 - 14. Let p be (u/32)/((-2)/(-8)). Let w = p - -18. What is the units digit of w?
7
Let t(w) = w**3 - 11*w**2 + 17*w - 35. Let j be t(15). What is the units digit of 4/(-6) - (j/(-6) + -4)?
0
Let s(d) = 51*d - 23. What is the units digit of s(7)?
4
Suppose 29*x - 5367 = -872. What is the tens digit of x?
5
Let p(d) = d**3 + 16*d**2 - 19*d - 19. Let t be p(-17). Suppose 4*u + 12 = 3*x + 36, 5*u = t. Let k(l) = 4*l**2 + 5*l - 4. What is the units digit of k(x)?
0
Let c(z) = -z + 28. Let t be c(12). Suppose t*s - 12*s - 340 = 0. What is the tens digit of s?
8
Let b = -953 - -1795. What is the tens digit of b?
4
Let p(w) be the second derivative of w**5/20 - 3*w**4/4 + 5*w**3/3 - 5*w**2/2 - 3*w. What is the tens digit of p(8)?
1
What is the tens digit of ((-355640)/(-24))/17 - (-1)/3?
7
Let b be (10 + -8)/((-4)/(-6)). Suppose i - b*f = 73, 0 = i - 5*f + 3*f - 71. What is the tens digit of i?
6
What is the units digit of (-6)/4 + ((-9399)/(-6) - -4)?
9
Let m be (-5)/(-8*7/(-112)). Let o be ((-2)/(-2))/(1/(-11)). What is the units digit of 1*11/(o/m)?
0
Let k = -5 - -7. Suppose 59*i - 55*i - 24 = 0. Suppose 130 = k*z + 4*h - i*h, -4*h - 68 = -z. What is the units digit of z?
4
Let b(x) = -x + 1. Let u be b(-8). Let g = u + 14. What is the units digit of g?
3
Suppose 0*g + 4*g = -y + 121, -5*y + 656 = 3*g. What is the tens digit of y?
3
Suppose -7*m - 32 = -3*m. Let b be -2*(-12)/m - -17. Suppose -b = 3*s - 44. What is the tens digit of s?
1
Let o = 5 - 2. Let y = -56 - -60. What is the tens digit of y/(-6) + 65/o?
2
Let d = 6 + 0. Let i be 60/45*d/4. Suppose -5*l = -4*o - 9, 2*o + 2*l = -i*o + 26. What is the units digit of o?
4
Let r = 8 - -3. Let k be (2 - 4)*1 + 15. Let f = k + r. What is the tens digit of f?
2
Let q = -21 - -71. Suppose -5*z = -0*p + 3*p - 34, -5*p + 2*z + 36 = 0. Suppose p - q = -3*n. What is the units digit of n?
4
Suppose 4*p - 2*p + j - 4649 = 0, 0 = 5*p - 7*j - 11651. What is the units digit of p?
6
Suppose -2*x + 10*r + 786 = 9*r, -2*r = -2*x + 786. Suppose -312 = -4*t - 4*m, -3*m + x = 5*t + m. What is the tens digit of t?
8
Suppose a - 5 = 9. Let l = -7 + a. Suppose -122 = -5*j - l. What is the units digit of j?
3
Let i(g) = g**3 - 4*g**2 + 5*g. Suppose 3*k - 2*z = k + 18, -52 = -4*k - 4*z. Suppose -3*o + k = -1. What is the tens digit of i(o)?
2
Let h(y) = -y**2 - y. Let t(o) = -8*o**2 - o - 2. Let c(z) = -6*h(z) + t(z). Let f be c(3). Let q = 16 + f. What is the tens digit of q?
1
Suppose -20*y = 4*y - 2352. What is the units digit of y?
8
Let t(s) = 2*s - 2. Let w be t(8). Let p = 207 - w. What is the hundreds digit of p?
1
Suppose 0 = -237*g + 242*g - 9640. What is the tens digit of g?
2
What is the tens digit of (2 - 11)/(((-3)/(-83))/(-3))?
4
Let c be 2/(-1)*(-3 - (-2 - 2)). What is the units digit of (-3)/(c - -3)*-14?
2
Let v = -275 - -730. What is the hundreds digit of v?
4
Let s be (10 - 10)/(1*-1). Let d(t) = t**3 + t**2 + t - 3. Let m be d(s). What is the tens digit of m/(-3)*(-3 + 21)?
1
Let z(h) = -h**2 + 7*h - 4. Let x be z(5). Let j be x/(-3)*82/(-4). Let k = 68 - j. What is the units digit of k?
7
Let x = -95 + 98. Suppose -x*d = 4*n - 154, -4*n - 1 - 29 = -d. What is the units digit of d?
6
Let f(d) = -6*d**3 - 2*d**2 + 7*d - 15. Let g be f(-7). Suppose -7*c - c = -g. What is the units digit of c?
7
Suppose 0*l + 110 = 5*l. Let b(v) = -8*v - v - 21*v**2 + l*v**2 - 17. What is the tens digit of b(12)?
1
Suppose 0 = y + 2*y - 432. Suppose x - 5*x = -y. Let w = 88 - x. What is the units digit of w?
2
Let t(c) = -2*c**3 - 8*c**2 + 5*c - 1. Let d be t(-4). Let x = 129 + d. What is the tens digit of x?
0
Suppose 9*g = -30 - 51. What is the tens digit of (8/(-36) - 533/g) + -3?
5
Let r(c) = 2*c**2 - 3*c - 7. Let n = -13 - -27. Suppose 0 = j + 9 - n. What is the tens digit of r(j)?
2
What is the hundreds digit of 7/(140/16) + (-9064)/(-20)?
4
Let y(d) = -d**3 + 5*d**2 + 5*d + 8. Let q be y(6). Suppose 0 = 2*m + 4*c - 82, 3*m + 2*c = -q*m + 237. What is the units digit of m?
9
Let y(u) = 9*u**2 - 10*u**2 + 2 + 2*u - u**3 - u - 1. Let c be y(-2). Suppose x + v - 31 = 0, v + 70 = c*x - 31. What is the tens digit of x?
3
Suppose 4*n - 328 = 2*n + 4*o, 0 = -n + 4*o + 164. Let x = 238 - n. What is the tens digit of x?
7
Let j be 281/(-1) - (6 + -5). Let u be -3*(j/9 - 1). Suppose 103 = 4*d - 3*o + 4*o, 4*d - u = o. What is the tens digit of d?
2
Let d(j) = 54*j - 157. What is the hundreds digit of d(11)?
4
Suppose 0 = -0*h + 2*h - 6. Let a(i) = -11*i**2 + 5*i + 5*i + i**3 + 3*i**h - 12 - 5*i**3. What is the units digit of a(-12)?
2
Let f(t) = t**3 - 5*t**2 - t + 5. Let b be f(5). Suppose -7*x + 581 = -b*x. What is the units digit of x?
3
Suppose -17*f = -18032 - 48880. What is the hundreds digit of f?
9
Let x = 44 + -39. Suppose 41 = 2*i + x*w - 0*w, 0 = 2*i + 2*w - 32. What is the tens digit of i?
1
Suppose -2*b = -35 + 31. Suppose -5*a - x + 192 = b*x, 0 = -x - 1. What is the units digit of a?
9
Let x = 15 - 13. Let v(b) = 0*b - 8 - 2 + 0*b**x + b**2 - 5*b. What is the units digit of v(7)?
4
Suppose 10*v = 9809 + 4051. What is the tens digit of v?
8
Let z be (7 - 2)*(-12)/30. What is the tens digit of 68/12*15 - z?
8
Suppose 0 = -2*k + 2 + 2, 2*k + 61 = 5*w. Let n = w + -27. What is the units digit of (120/14)/((-2)/n)?
0
Suppose -18*c + 223635 = 67*c. What is the hundreds digit of c?
6
Let j = 1208 - 1791. Let z be (2 - -2)*j/22. Let h = -34 - z. What is the tens digit of h?
7
Let c be 14*((-18)/(-14) - 1). Suppose 5*k + 0*k = -5*d + 335, -3*k = c*d - 204. Suppose 2*g + 2*w = k, w - 68 = g - 3*g. What is the tens digit of g?
3
Suppose -4*g + 5371 = -5*s, 4*g + 3*s = 3661 + 1686. What is the thousands digit of g?
1
Let a(s) = 48*s**2 - 23*s + 75. What is the units digit of a(7)?
6
Suppose -4*n + 838 = 3*q, q + 0*q + 4*n = 266. Suppose -g - 4*g + q = u, -1054 = -4*u - 2*g. What is the units digit of u?
1
Suppose 7101 = 3*k - 11*s + 8*s, k + 5*s = 2349. What is the units digit of k?
4
Let f = 6 + -2. Let p be (2*-10)/4 - -110. Suppose -g + p = f*g. What is the units digit of g?
1
What is the tens digit of ((2/(-1))/2)/(32/(-24704))?
7
Let c be 0 - 248 - (-18 + 22). Let v = 543 + c. What is the units digit of v?
1
What is the units digit of 9/12*4 - (-1221 - -2)?
2
Let d(y) = 3*y**2 + y + 4. Let h be d(-3). Suppose -2*w + 47 = 29. Let k = h - w. What is the units digit of k?
9
Let h(s) = 80*s + 20. Let k be h(2). Suppose 0 = -6*c + 726 - k. What is the units digit of c?
1
Suppose -r + 2*r - 3 = 0. Let j be (5/2 - r)*-188. Suppose -4*g = 0, -5*c + 1 = 3*g - j. What is the units digit of c?
9
Suppose -46*p + 41043 + 59927 = 0. What is the units digit of p?
5
Suppose 4*h - h - 6 = 0. Suppose -z = -q + 25, 4*z - 18 = -2*q + h. What is the units digit of q?
0
Let a(w) = 553*w**2 - 28*w + 10. What is the hundreds digit of a(-3)?
0
Suppose -5*n + 1796 = 161. What is the hundreds digit of n?
3
Let u(i) = -i**2 + 3*i - 1. Let z be u(5). Let b = z + 35. What is the tens digit of b?
2
Let m be (-36)/162 - 2560/(-18). Let j = m + -65. What is the units digit of j?
7
Let w = -8 - -7. Suppose 16 = -5*g - 3*k - k, -3*g - 20 = 5*k. What is the units digit of (g + w)*(-29 - -6)?
3
Suppose -3*c + 30 = -2*c. Suppose l - c = -12. Suppose k - 13 - l = 0. What is the units digit of k?
1
Suppose -5*f = -4*v - 41, 5*f - 9 = -3*v - v. Suppose -f*b - 55 = -315. What is the tens digit of b?
5
Suppose -2*g = -m + 3, 3*g + 14 = 4*m + 2. Let p(i) = -2*i + 3. Let x 